{"id":421,"date":"2020-05-26T12:03:11","date_gmt":"2020-05-26T11:03:11","guid":{"rendered":"https:\/\/chafiras.com\/inspiracion\/?page_id=421"},"modified":"2020-05-26T12:03:11","modified_gmt":"2020-05-26T11:03:11","slug":"politicas-de-privacidad","status":"publish","type":"page","link":"https:\/\/chafiras.com\/inspiracion\/politicas-de-privacidad\/","title":{"rendered":"Pol\u00edticas de privacidad"},"content":{"rendered":"\n<p>LAS CHAFIRAS, S.A. informa a los usuarios de que ha procedido a \nadoptar todas las medidas t\u00e9cnicas y organizativas requeridas por la \nnormativa vigente en materia de Protecci\u00f3n de Datos de Car\u00e1cter \nPersonal, el Reglamento (UE) 2016\/679 del Parlamento Europeo y del \nConsejo, de 27 de abril de 2016 (en adelante, RGP) y la Ley Org\u00e1nica \n3\/2018, de 5 de diciembre, de Protecci\u00f3n de Datos Personales y garant\u00eda \nde los derechos digitales (en adelante, LOPD y GDD) para mantener la \nseguridad de los datos personales facilitados y as\u00ed evitar su posible \np\u00e9rdida, destrucci\u00f3n o acceso de personal no autorizado.&nbsp; <br><br>INFORMACI\u00d3N DE CONTACTO<br><br>Responsable del Tratamiento: LAS CHAFIRAS, S.A.<br>NIF: A-38.033.312<br>Direcci\u00f3n\n de contacto: Calle Chave\u00f1a, parcela 2-3, Pol\u00edgono Industrial Las \nAndori\u00f1as, C.P. 38639, San Miguel de Abona, Santa Cruz de Tenerife.<br>Correo electr\u00f3nico de contacto: comunicacion@chafiras.com <br><br><\/p>\n\n\n\n<p>PRINCIPIO DE INFORMACI\u00d3N<br>Finalidad:  Los datos de car\u00e1cter personal facilitados a nuestra empresa a trav\u00e9s  de la presente p\u00e1gina web, ser\u00e1n utilizados para las siguientes  finalidades: <br><br>\u2022&nbsp;&nbsp;&nbsp; Formulario \u201cOpini\u00f3n\u201d: realizar sugerencias,  quejas, reclamaciones o consultas a nuestro Centro de Atenci\u00f3n al  Cliente y dar respuesta a las mismas. <br>\u2022&nbsp;&nbsp;&nbsp; Formulario \u201cNewsletter\u201d: enviar informaci\u00f3n sobre las \u00faltimas novedades, art\u00edculos y ofertas en nuestros productos. <br>\u2022&nbsp;&nbsp;&nbsp;  Formulario \u201cContacto\u201d: realizar sugerencias o consultas a nuestro  Centro de Atenci\u00f3n al Cliente y dar respuesta a las mismas.<br><br>Categor\u00edas  de datos tratados: Los datos de car\u00e1cter personal que podremos tratar  para las finalidades descritas en la presente Pol\u00edtica de Privacidad son  los siguientes: <br>\u2022&nbsp;&nbsp;&nbsp; Formulario \u201cOpini\u00f3n\u201d: nombre, apellidos, domicilio, tel\u00e9fono, m\u00f3vil y direcci\u00f3n de correo electr\u00f3nico. <br>\u2022&nbsp;&nbsp;&nbsp; Formulario \u201cNewsletter\u201d: direcci\u00f3n de correo electr\u00f3nico, localidad, nombre y apellidos.<br>\u2022&nbsp;&nbsp;&nbsp; Formulario \u201cContacto\u201d: nombre, apellidos, domicilio, tel\u00e9fono, m\u00f3vil, y direcci\u00f3n de correo electr\u00f3nico.<br><br>Los datos de car\u00e1cter personal facilitados por  nuestros usuarios deber\u00e1n ser adecuados, pertinentes y no excesivos en  relaci\u00f3n al \u00e1mbito y a las finalidades determinadas, expl\u00edcitas y  leg\u00edtimas para las que se hayan obtenido.<br><br>El usuario ser\u00e1 el  \u00fanico responsable de la veracidad y exactitud de los datos facilitados.  El usuario responder\u00e1 personalmente frente a LAS CHAFIRAS, S.A. frente a  los afectados o interesados y ante la Agencia Espa\u00f1ola de Protecci\u00f3n de  Datos en el caso de facilitar datos falsos o de terceras personas sin  su consentimiento. <br><br>Asimismo, se informa que los datos  facilitados en los formularios de contacto deber\u00e1n de cumplimentarse de  forma voluntaria con la excepci\u00f3n de aquellos datos que aparezcan como  obligatorios. De no ser facilitados los datos obligatorios requeridos,  no se podr\u00e1 garantizar la gesti\u00f3n de la solicitud. <br><br>El  destinatario del servicio se compromete a comunicar a LAS CHAFIRAS,  S.A., los cambios que se produzcan en sus datos, de forma que respondan  con veracidad a su situaci\u00f3n actual en todo momento.<br><br>Tratamiento  de datos de menores: LAS CHAFIRAS, S.A., no recoger\u00e1 datos de menores de  edad (18 a\u00f1os) sin la autorizaci\u00f3n de su padre, madre o tutor legal. En  el caso de que un menor de edad cumplimente los formularios de recogida  de datos de la p\u00e1gina web y no se acredite dicha autorizaci\u00f3n, se  proceder\u00e1 a la destrucci\u00f3n de la solicitud sin atender su contenido.<br><br>Legitimaci\u00f3n: La base legal para el tratamiento de sus datos de car\u00e1cter personal es la siguiente:<br><br>\u2022&nbsp;&nbsp;&nbsp;  Formulario \u201cOpini\u00f3n\u201d: su consentimiento expreso somo interesado en la  realizaci\u00f3n de sugerencias o consultas a nuestro Centro de Atenci\u00f3n al  Cliente.<br><br>\u2022&nbsp;&nbsp;&nbsp;  Formulario \u201cNewsletter\u201d: su consentimiento expreso como interesado en  recibir novedades e informaci\u00f3n sobre nuestros productos. <br><br>\u2022&nbsp;&nbsp;&nbsp;  Formulario \u201cContacto\u201d: su consentimiento expreso somo interesado en la  realizaci\u00f3n de sugerencias o consultas a nuestro Centro de Atenci\u00f3n al  Cliente.<br><br>Comunicaciones comerciales: Se  entender\u00e1 prestado su consentimiento para el env\u00edo de comunicaciones  comerciales por medios electr\u00f3nicos (correo electr\u00f3nico u otros medios  de comunicaci\u00f3n equivalente), que pueda ofrecer LAS CHAFIRAS, S.A.,  marcando las casillas correspondientes en los formularios de recogida de  datos de la p\u00e1gina web, formulario de solicitud de \u201ctarjeta cliente\u201d o  por solicitud de consentimiento expreso. <br><br>En su caso, si no desea  recibir informaci\u00f3n sobre los productos y servicios que ofrecemos en  LAS CHAFIRAS, S.A. puede solicitar su baja enviando un correo con la  indicaci\u00f3n \u201cBAJA EN ENV\u00cdO DE COMUNICACIONES COMERCIALES\u201d a  comunicacion@chafiras.com <br><br>Plazo de conservaci\u00f3n: Sus datos se mantendr\u00e1n en nuestras bases de datos durante los siguientes plazos: <br>\u2022&nbsp;&nbsp;&nbsp; Formulario \u201cOpini\u00f3n\u201d: Sus datos se mantendr\u00e1n durante el plazo de un a\u00f1o. <br><br>\u2022&nbsp;&nbsp;&nbsp; Formulario \u201cNewsletter\u201d: Sus datos se mantendr\u00e1n hasta la retirada de su consentimiento expreso. <br><br>\u2022&nbsp;&nbsp;&nbsp; Formulario \u201cContacto\u201d: Sus datos se mantendr\u00e1n durante el plazo de un a\u00f1o. <\/p>\n\n\n\n<p><br>Destinatarios: LAS CHAFIRAS, S.A. no \nceder\u00e1 sus datos a terceros, salvo obligaci\u00f3n legal. Si en el futuro LAS\n CHAFIRAS, S.A. realizara cesiones de datos personales, informar\u00e1 \noportunamente en los correspondientes formularios de recogida de datos. <br><br>Encargados\n del tratamiento: Con nuestros Encargados del Tratamiento, existe un \ncontrato en conformidad con la normativa vigente en materia de \nprotecci\u00f3n de datos para el cumplimiento de las garant\u00edas de protecci\u00f3n \nde los datos personales. <br><br>El alojamiento de los servidores de la \npresente p\u00e1gina web, se encuentran en dentro de territorio de la Uni\u00f3n \nEuropea. No se contempla la cesi\u00f3n de datos a nivel internacional. <\/p>\n\n\n\n<p>Ejercicio de Derechos: Todo usuario\/interesado podr\u00e1 ejercer los siguientes derechos reconocidos legalmente:<br><br>&#8211;&nbsp;&nbsp;&nbsp; Derecho de acceso, para tener conocimiento de los datos que est\u00e1 tratando LAS CHAFIRAS, S.A.<br>&#8211;&nbsp;&nbsp;&nbsp; Derecho de rectificaci\u00f3n, para rectificar datos incompletos o inexactos. <br>&#8211;&nbsp;&nbsp;&nbsp; Derecho de oposici\u00f3n, para oponerse al tratamiento de sus datos. <br>&#8211;&nbsp;&nbsp;&nbsp; Derecho de supresi\u00f3n, para cancelar o suprimir los datos de car\u00e1cter personal.<br>&#8211;&nbsp;&nbsp;  Derecho de portabilidad, el interesado tendr\u00e1 derecho a recibir los  datos personales que le incumban, que haya facilitado a un responsable  del tratamiento, en un formato estructurado, de uso com\u00fan y lectura  mec\u00e1nica, y a transmitirlos a otro responsable del tratamiento sin que  lo impida el responsable al que se los hubiera facilitado. <br>&#8211;&nbsp;&nbsp;&nbsp; Limitaci\u00f3n del tratamiento, para limitar el tratamiento de sus datos de car\u00e1cter personal. <br>&#8211;&nbsp;&nbsp;&nbsp; Limitaci\u00f3n de decisiones individuales automatizadas, para no ser objeto de decisiones individualizadas. <br><br>Para  el ejercicio de los derechos antes mencionados, puede remitirnos su  solicitud, mediante documento que acredite su identidad, dirigido a la  direcci\u00f3n de contacto LAS CHAFIRAS, S.A. \u2013 Calle Chave\u00f1a, parcela 2-3,  Pol\u00edgono Industrial Las Andori\u00f1as. 38639-San Miguel de Abona, Santa Cruz  de Tenerife. O bien, a la siguiente direcci\u00f3n de correo electr\u00f3nico:  chafiras@chafiras.com<br><br>LAS CHAFIRAS, S.A. deber\u00e1 de contestar la  solicitud del ejercicio de derechos en el plazo de un mes a partir de su  solicitud. El plazo podr\u00e1 ser prorrogado a dos meses teniendo en cuenta  la complejidad y el n\u00famero de solicitudes. LAS CHAFIRAS, S.A. informar\u00e1  al interesado de cualquiera de dichas pr\u00f3rrogas en el plazo de un mes a  partir de la recepci\u00f3n de la solicitud, indicando los motivos de la  dilaci\u00f3n. Cuando el interesado presente solicitud por medios  electr\u00f3nicos, la informaci\u00f3n se facilitar\u00e1 por medios electr\u00f3nicos  cuando se posible, a menos que el interesado solicite que se facilite  por otro medio.&nbsp; <br><br><br>En el caso de no haber obtenido  satisfacci\u00f3n en el ejercicio de sus derechos, puede presentar  reclamaci\u00f3n ante la Autoridad de Control. <br><br>REDES SOCIALES <br><br>La  empresa utiliza redes sociales como LinkedIn, Facebook, Instagram y  Google My Business con la finalidad de publicar informaci\u00f3n de inter\u00e9s  para nuestros usuarios y de promoci\u00f3n comercial.&nbsp; <br>Los datos de  car\u00e1cter personal que pueda facilitar a LAS CHAFIRAS, S.A. mediante  redes sociales, ser\u00e1n tratados conforme a lo establecido en la presente  pol\u00edtica de privacidad.<br><br>MODIFICACIONES DE LA POL\u00cdTICA DE PRIVACIDAD <br>LAS  CHAFIRAS, S.A., podr\u00e1 modificar la presente Pol\u00edtica de Privacidad  cuando sea necesario en conformidad con la normativa vigente aplicable, o  bien, por decisi\u00f3n adoptada unilateralmente.<br><br>Todas las modificaciones ser\u00e1n publicadas con la finalidad de mantener a los usuarios siempre informados. <br><\/p>\n\n\n\n<p>\u00daltima modificaci\u00f3n: 26 de mayo de 2020<\/p>\n","protected":false},"excerpt":{"rendered":"<p>LAS CHAFIRAS, S.A. informa a los usuarios de que ha procedido a adoptar todas las medidas t\u00e9cnicas y organizativas requeridas por la normativa vigente en materia de Protecci\u00f3n de Datos de Car\u00e1cter Personal, el Reglamento (UE) 2016\/679 del Parlamento Europeo y del Consejo, de 27 de abril de 2016 (en adelante, RGP) y la Ley [&hellip;]<\/p>\n","protected":false},"author":1,"featured_media":0,"parent":0,"menu_order":0,"comment_status":"closed","ping_status":"closed","template":"","meta":{"_exactmetrics_skip_tracking":false,"_exactmetrics_sitenote_active":false,"_exactmetrics_sitenote_note":"","_exactmetrics_sitenote_category":0,"footnotes":""},"yoast_head":"<!-- This site is optimized with the Yoast SEO plugin v23.0 - https:\/\/yoast.com\/wordpress\/plugins\/seo\/ -->\n<title>Pol\u00edticas de privacidad - Insp\u00edrtate en Chafiras<\/title>\n<meta name=\"description\" content=\"Construye recuerdos, regala momentos, insp\u00edrate: Hoy te contamos sobrePol\u00edticas de privacidad\" \/>\n<meta name=\"robots\" content=\"index, follow, max-snippet:-1, max-image-preview:large, max-video-preview:-1\" \/>\n<link rel=\"canonical\" href=\"https:\/\/chafiras.com\/inspiracion\/politicas-de-privacidad\/\" \/>\n<meta property=\"og:locale\" content=\"es_ES\" \/>\n<meta property=\"og:type\" content=\"article\" \/>\n<meta property=\"og:title\" content=\"Pol\u00edticas de privacidad - Insp\u00edrtate en Chafiras\" \/>\n<meta property=\"og:description\" content=\"Construye recuerdos, regala momentos, insp\u00edrate: Hoy te contamos sobrePol\u00edticas de privacidad\" \/>\n<meta property=\"og:url\" content=\"https:\/\/chafiras.com\/inspiracion\/politicas-de-privacidad\/\" \/>\n<meta property=\"og:site_name\" content=\"Inspiraci\u00f3n para llevarte nuestra experiencia a casa\" \/>\n<meta property=\"article:publisher\" content=\"https:\/\/www.facebook.com\/chafirasoficial\/\" \/>\n<meta name=\"twitter:card\" content=\"summary_large_image\" \/>\n<meta name=\"twitter:label1\" content=\"Tiempo de lectura\" \/>\n\t<meta name=\"twitter:data1\" content=\"7 minutos\" \/>\n<script type=\"application\/ld+json\" class=\"yoast-schema-graph\">{\"@context\":\"https:\/\/schema.org\",\"@graph\":[{\"@type\":\"WebPage\",\"@id\":\"https:\/\/chafiras.com\/inspiracion\/politicas-de-privacidad\/\",\"url\":\"https:\/\/chafiras.com\/inspiracion\/politicas-de-privacidad\/\",\"name\":\"Pol\u00edticas de privacidad - Insp\u00edrtate en Chafiras\",\"isPartOf\":{\"@id\":\"https:\/\/chafiras.com\/inspiracion\/#website\"},\"datePublished\":\"2020-05-26T11:03:11+00:00\",\"dateModified\":\"2020-05-26T11:03:11+00:00\",\"description\":\"Construye recuerdos, regala momentos, insp\u00edrate: Hoy te contamos sobrePol\u00edticas de privacidad\",\"breadcrumb\":{\"@id\":\"https:\/\/chafiras.com\/inspiracion\/politicas-de-privacidad\/#breadcrumb\"},\"inLanguage\":\"es\",\"potentialAction\":[{\"@type\":\"ReadAction\",\"target\":[\"https:\/\/chafiras.com\/inspiracion\/politicas-de-privacidad\/\"]}]},{\"@type\":\"BreadcrumbList\",\"@id\":\"https:\/\/chafiras.com\/inspiracion\/politicas-de-privacidad\/#breadcrumb\",\"itemListElement\":[{\"@type\":\"ListItem\",\"position\":1,\"name\":\"Chafiras\",\"item\":\"https:\/\/chafiras.com\/inspiracion\/\"},{\"@type\":\"ListItem\",\"position\":2,\"name\":\"Pol\u00edticas de privacidad\"}]},{\"@type\":\"WebSite\",\"@id\":\"https:\/\/chafiras.com\/inspiracion\/#website\",\"url\":\"https:\/\/chafiras.com\/inspiracion\/\",\"name\":\"Inspiraci\u00f3n para llevarte nuestra experiencia a casa\",\"description\":\"Herramientas para tu d\u00eda a d\u00eda\",\"publisher\":{\"@id\":\"https:\/\/chafiras.com\/inspiracion\/#organization\"},\"potentialAction\":[{\"@type\":\"SearchAction\",\"target\":{\"@type\":\"EntryPoint\",\"urlTemplate\":\"https:\/\/chafiras.com\/inspiracion\/?s={search_term_string}\"},\"query-input\":\"required name=search_term_string\"}],\"inLanguage\":\"es\"},{\"@type\":\"Organization\",\"@id\":\"https:\/\/chafiras.com\/inspiracion\/#organization\",\"name\":\"Las Chafiras, S.A.\",\"url\":\"https:\/\/chafiras.com\/inspiracion\/\",\"logo\":{\"@type\":\"ImageObject\",\"inLanguage\":\"es\",\"@id\":\"https:\/\/chafiras.com\/inspiracion\/#\/schema\/logo\/image\/\",\"url\":\"https:\/\/chafiras.com\/inspiracion\/wp-content\/uploads\/2020\/02\/LOGO-CHAFIRAS_CORRECTO.png\",\"contentUrl\":\"https:\/\/chafiras.com\/inspiracion\/wp-content\/uploads\/2020\/02\/LOGO-CHAFIRAS_CORRECTO.png\",\"width\":774,\"height\":250,\"caption\":\"Las Chafiras, S.A.\"},\"image\":{\"@id\":\"https:\/\/chafiras.com\/inspiracion\/#\/schema\/logo\/image\/\"},\"sameAs\":[\"https:\/\/www.facebook.com\/chafirasoficial\/\",\"https:\/\/www.instagram.com\/chafirasoficial\/\",\"https:\/\/www.linkedin.com\/company\/chafirasoficial\/\"]}]}<\/script>\n<!-- \/ Yoast SEO plugin. -->","yoast_head_json":{"title":"Pol\u00edticas de privacidad - Insp\u00edrtate en Chafiras","description":"Construye recuerdos, regala momentos, insp\u00edrate: Hoy te contamos sobrePol\u00edticas de privacidad","robots":{"index":"index","follow":"follow","max-snippet":"max-snippet:-1","max-image-preview":"max-image-preview:large","max-video-preview":"max-video-preview:-1"},"canonical":"https:\/\/chafiras.com\/inspiracion\/politicas-de-privacidad\/","og_locale":"es_ES","og_type":"article","og_title":"Pol\u00edticas de privacidad - Insp\u00edrtate en Chafiras","og_description":"Construye recuerdos, regala momentos, insp\u00edrate: Hoy te contamos sobrePol\u00edticas de privacidad","og_url":"https:\/\/chafiras.com\/inspiracion\/politicas-de-privacidad\/","og_site_name":"Inspiraci\u00f3n para llevarte nuestra experiencia a casa","article_publisher":"https:\/\/www.facebook.com\/chafirasoficial\/","twitter_card":"summary_large_image","twitter_misc":{"Tiempo de lectura":"7 minutos"},"schema":{"@context":"https:\/\/schema.org","@graph":[{"@type":"WebPage","@id":"https:\/\/chafiras.com\/inspiracion\/politicas-de-privacidad\/","url":"https:\/\/chafiras.com\/inspiracion\/politicas-de-privacidad\/","name":"Pol\u00edticas de privacidad - Insp\u00edrtate en Chafiras","isPartOf":{"@id":"https:\/\/chafiras.com\/inspiracion\/#website"},"datePublished":"2020-05-26T11:03:11+00:00","dateModified":"2020-05-26T11:03:11+00:00","description":"Construye recuerdos, regala momentos, insp\u00edrate: Hoy te contamos sobrePol\u00edticas de privacidad","breadcrumb":{"@id":"https:\/\/chafiras.com\/inspiracion\/politicas-de-privacidad\/#breadcrumb"},"inLanguage":"es","potentialAction":[{"@type":"ReadAction","target":["https:\/\/chafiras.com\/inspiracion\/politicas-de-privacidad\/"]}]},{"@type":"BreadcrumbList","@id":"https:\/\/chafiras.com\/inspiracion\/politicas-de-privacidad\/#breadcrumb","itemListElement":[{"@type":"ListItem","position":1,"name":"Chafiras","item":"https:\/\/chafiras.com\/inspiracion\/"},{"@type":"ListItem","position":2,"name":"Pol\u00edticas de privacidad"}]},{"@type":"WebSite","@id":"https:\/\/chafiras.com\/inspiracion\/#website","url":"https:\/\/chafiras.com\/inspiracion\/","name":"Inspiraci\u00f3n para llevarte nuestra experiencia a casa","description":"Herramientas para tu d\u00eda a d\u00eda","publisher":{"@id":"https:\/\/chafiras.com\/inspiracion\/#organization"},"potentialAction":[{"@type":"SearchAction","target":{"@type":"EntryPoint","urlTemplate":"https:\/\/chafiras.com\/inspiracion\/?s={search_term_string}"},"query-input":"required name=search_term_string"}],"inLanguage":"es"},{"@type":"Organization","@id":"https:\/\/chafiras.com\/inspiracion\/#organization","name":"Las Chafiras, S.A.","url":"https:\/\/chafiras.com\/inspiracion\/","logo":{"@type":"ImageObject","inLanguage":"es","@id":"https:\/\/chafiras.com\/inspiracion\/#\/schema\/logo\/image\/","url":"https:\/\/chafiras.com\/inspiracion\/wp-content\/uploads\/2020\/02\/LOGO-CHAFIRAS_CORRECTO.png","contentUrl":"https:\/\/chafiras.com\/inspiracion\/wp-content\/uploads\/2020\/02\/LOGO-CHAFIRAS_CORRECTO.png","width":774,"height":250,"caption":"Las Chafiras, S.A."},"image":{"@id":"https:\/\/chafiras.com\/inspiracion\/#\/schema\/logo\/image\/"},"sameAs":["https:\/\/www.facebook.com\/chafirasoficial\/","https:\/\/www.instagram.com\/chafirasoficial\/","https:\/\/www.linkedin.com\/company\/chafirasoficial\/"]}]}},"_links":{"self":[{"href":"https:\/\/chafiras.com\/inspiracion\/wp-json\/wp\/v2\/pages\/421"}],"collection":[{"href":"https:\/\/chafiras.com\/inspiracion\/wp-json\/wp\/v2\/pages"}],"about":[{"href":"https:\/\/chafiras.com\/inspiracion\/wp-json\/wp\/v2\/types\/page"}],"author":[{"embeddable":true,"href":"https:\/\/chafiras.com\/inspiracion\/wp-json\/wp\/v2\/users\/1"}],"replies":[{"embeddable":true,"href":"https:\/\/chafiras.com\/inspiracion\/wp-json\/wp\/v2\/comments?post=421"}],"version-history":[{"count":2,"href":"https:\/\/chafiras.com\/inspiracion\/wp-json\/wp\/v2\/pages\/421\/revisions"}],"predecessor-version":[{"id":427,"href":"https:\/\/chafiras.com\/inspiracion\/wp-json\/wp\/v2\/pages\/421\/revisions\/427"}],"wp:attachment":[{"href":"https:\/\/chafiras.com\/inspiracion\/wp-json\/wp\/v2\/media?parent=421"}],"curies":[{"name":"wp","href":"https:\/\/api.w.org\/{rel}","templated":true}]}}